{"id":17394,"date":"2024-05-28T13:58:03","date_gmt":"2024-05-28T11:58:03","guid":{"rendered":"https:\/\/www.hoteldecalais.fr\/v5\/?page_id=17394"},"modified":"2026-01-08T11:09:46","modified_gmt":"2026-01-08T10:09:46","slug":"meuble-37-38","status":"publish","type":"page","link":"https:\/\/www.hoteldecalais.fr\/v5\/meuble-37-38\/","title":{"rendered":"meuble-37-38"},"content":{"rendered":"<div id=\"cmsmasters_row_\" class=\"cmsmasters_row cmsmasters_color_scheme_default cmsmasters_row_top_default cmsmasters_row_bot_default cmsmasters_row_boxed\">\n<div class=\"cmsmasters_row_outer_parent\">\n<div class=\"cmsmasters_row_outer\">\n<div class=\"cmsmasters_row_inner\">\n<div class=\"cmsmasters_row_margin\">\n<div id=\"cmsmasters_column_\" class=\"cmsmasters_column one_first\">\n<div class=\"cmsmasters_column_inner\"><div class=\"cmsmasters_text\">\n\r\n<div class=\"vce-row-container\" data-vce-boxed-width=\"true\">\r\n<div id=\"el-c880af85\" class=\"vce-row vce-row--col-gap-30 vce-row-equal-height vce-row-content--top\" data-vce-do-apply=\"all el-c880af85\">\r\n<div class=\"vce-row-content\" data-vce-element-content=\"true\">\r\n\r\n\r\n<div id=\"el-a577c5aa\" class=\"vce-col vce-col--md-49p vce-col--xs-1 vce-col--xs-last vce-col--xs-first vce-col--sm-last vce-col--sm-first vce-col--md-first vce-col--lg-first vce-col--xl-first\">\r\n<div class=\"vce-col-inner\" data-vce-do-apply=\"border margin background el-a577c5aa\">\r\n<div class=\"vce-col-content\" data-vce-element-content=\"true\" data-vce-do-apply=\"padding el-a577c5aa\">\r\n\r\n\r\n<div class=\"vce-text-block\">\r\n<div id=\"el-3c18280b\" class=\"vce-text-block-wrapper vce\" data-vce-do-apply=\"all el-3c18280b\">\r\n<div>\r\n\r\n<!-- LayerSlider updates and docs at: https:\/\/layerslider.kreaturamedia.com --><noscript>\r\n\r\n<style>.vce-row-container .vcv-lozad {display: none}<\/style><\/noscript>\r\n\r\n<\/div>\r\n<div>\r\n<h2 style=\"background-color: #ffffff;\">MEUBL\u00c9 \"37-38\"<\/h2>\r\n<p class=\"texte_normal\" style=\"background-color: #ffffff;\"><span style=\"color: #000000;\">Pour 2 \/ 4 personnes.**<\/span><\/p>\r\n<p class=\"texte_normal\" style=\"background-color: #ffffff;\"><span style=\"color: #000000;\">Situ\u00e9 au rez de chauss\u00e9e sur cour ( 35 m\u00b2 ), appartement meubl\u00e9 compos\u00e9 d'une salle \u00e0 manger\/cuisine\/s\u00e9jour avec un canap\u00e9 lit, une chambre avec lit de 2 personnes , une salle de bain avec baignoire, wc et lavabo.\r\nT\u00e9l\u00e9vision<\/span><\/p>\r\n<p style=\"background-color: #ffffff;\"><a href=\"https:\/\/hoteldecalais.thais-hotel.com\/direct-booking\/calendar?room_types=[73]\" target=\"_blank\" rel=\"noopener\"><img loading=\"lazy\" decoding=\"async\" class=\"alignnone wp-image-17260\" src=\"wp-content\/uploads\/2022\/06\/reserver-300x205.jpg\" alt=\"\" width=\"157\" height=\"107\" srcset=\"https:\/\/www.hoteldecalais.fr\/v5\/wp-content\/uploads\/2022\/06\/reserver-300x205.jpg 300w, https:\/\/www.hoteldecalais.fr\/v5\/wp-content\/uploads\/2022\/06\/reserver.jpg 526w\" sizes=\"auto, (max-width: 157px) 100vw, 157px\" \/><\/a><\/p>\r\n\r\n<\/div>\r\n<div>\r\n\r\n<!--googleon: all-->\r\n\r\n<\/div>\r\n<\/div>\r\n<\/div>\r\n\r\n\r\n<\/div>\r\n<\/div>\r\n<\/div>\r\n\r\n<div id=\"el-ed85675e\" class=\"vce-col vce-col--md-51p vce-col--xs-1 vce-col--xs-last vce-col--xs-first vce-col--sm-last vce-col--sm-first vce-col--md-last vce-col--lg-last vce-col--xl-last\">\r\n<div class=\"vce-col-inner\" data-vce-do-apply=\"border margin background el-ed85675e\">\r\n<div class=\"vce-col-content\" data-vce-element-content=\"true\" data-vce-do-apply=\"padding el-ed85675e\">\r\n\r\n\r\n<div class=\"vce-image-gallery vce-image-gallery--gap-10 vce-image-gallery--columns-3\">\r\n<div id=\"el-85f18b52\" class=\"vce-image-gallery-wrapper vce\" data-vce-do-apply=\"all el-85f18b52\">\r\n<div class=\"vce-image-gallery-list\">\r\n<div class=\"vce-image-gallery-item\">\r\n<figure class=\"vce-image-gallery-item-inner-wrapper\"><a class=\"vce-image-gallery-item-inner\" href=\"https:\/\/www.hoteldecalais.fr\/v5\/wp-content\/uploads\/2021\/06\/hoteldecalais-letreport-37-38-situation.jpg\" data-lightbox=\"lightbox-85f18b52\"><img decoding=\"async\" class=\"vce-image-gallery-img\" title=\"hoteldecalais-letreport-37-38-situation\" src=\"https:\/\/www.hoteldecalais.fr\/v5\/wp-content\/uploads\/2021\/06\/hoteldecalais-letreport-37-38-situation.jpg\" alt=\"\" \/><\/a><\/figure>\r\n<\/div>\r\n<div class=\"vce-image-gallery-item\">\r\n<figure class=\"vce-image-gallery-item-inner-wrapper\"><a class=\"vce-image-gallery-item-inner\" href=\"https:\/\/www.hoteldecalais.fr\/v5\/wp-content\/uploads\/2021\/06\/hoteldecalais-letreport-37-38-vue2.jpg\" data-lightbox=\"lightbox-85f18b52\"><img decoding=\"async\" class=\"vce-image-gallery-img\" title=\"hoteldecalais-letreport-37-38-vue2\" src=\"https:\/\/www.hoteldecalais.fr\/v5\/wp-content\/uploads\/2021\/06\/hoteldecalais-letreport-37-38-vue2.jpg\" alt=\"\" \/><\/a><\/figure>\r\n<\/div>\r\n<div class=\"vce-image-gallery-item\">\r\n<figure class=\"vce-image-gallery-item-inner-wrapper\"><a class=\"vce-image-gallery-item-inner\" href=\"https:\/\/www.hoteldecalais.fr\/v5\/wp-content\/uploads\/2021\/06\/hoteldecalais-letreport-37-38-vue1.jpg\" data-lightbox=\"lightbox-85f18b52\"><img decoding=\"async\" class=\"vce-image-gallery-img\" title=\"hoteldecalais-letreport-37-38-vue1\" src=\"https:\/\/www.hoteldecalais.fr\/v5\/wp-content\/uploads\/2021\/06\/hoteldecalais-letreport-37-38-vue1.jpg\" alt=\"\" \/><\/a><\/figure>\r\n<\/div>\r\n<div class=\"vce-image-gallery-item\">\r\n<figure class=\"vce-image-gallery-item-inner-wrapper\"><a class=\"vce-image-gallery-item-inner\" href=\"https:\/\/www.hoteldecalais.fr\/v5\/wp-content\/uploads\/2024\/05\/hoteldecalais-letreport-37-38-54-scaled.jpg\" data-lightbox=\"lightbox-85f18b52\"><img decoding=\"async\" class=\"vce-image-gallery-img\" title=\"hoteldecalais-letreport-37-38-54\" src=\"https:\/\/www.hoteldecalais.fr\/v5\/wp-content\/uploads\/2024\/05\/hoteldecalais-letreport-37-38-54-1024x683.jpg\" alt=\"\" \/><\/a><\/figure>\r\n<\/div>\r\n<div class=\"vce-image-gallery-item\">\r\n<figure class=\"vce-image-gallery-item-inner-wrapper\"><a class=\"vce-image-gallery-item-inner\" href=\"https:\/\/www.hoteldecalais.fr\/v5\/wp-content\/uploads\/2024\/05\/hoteldecalais-letreport-37-38-53-scaled.jpg\" data-lightbox=\"lightbox-85f18b52\"><img decoding=\"async\" class=\"vce-image-gallery-img\" title=\"hoteldecalais-letreport-37-38-53\" src=\"https:\/\/www.hoteldecalais.fr\/v5\/wp-content\/uploads\/2024\/05\/hoteldecalais-letreport-37-38-53-1024x683.jpg\" alt=\"\" \/><\/a><\/figure>\r\n<\/div>\r\n<div class=\"vce-image-gallery-item\">\r\n<figure class=\"vce-image-gallery-item-inner-wrapper\"><a class=\"vce-image-gallery-item-inner\" href=\"https:\/\/www.hoteldecalais.fr\/v5\/wp-content\/uploads\/2024\/05\/hoteldecalais-letreport-37-38-52-scaled.jpg\" data-lightbox=\"lightbox-85f18b52\"><img decoding=\"async\" class=\"vce-image-gallery-img\" title=\"hoteldecalais-letreport-37-38-52\" src=\"https:\/\/www.hoteldecalais.fr\/v5\/wp-content\/uploads\/2024\/05\/hoteldecalais-letreport-37-38-52-1024x683.jpg\" alt=\"\" \/><\/a><\/figure>\r\n<\/div>\r\n<div class=\"vce-image-gallery-item\">\r\n<figure class=\"vce-image-gallery-item-inner-wrapper\"><a class=\"vce-image-gallery-item-inner\" href=\"https:\/\/www.hoteldecalais.fr\/v5\/wp-content\/uploads\/2024\/05\/hoteldecalais-letreport-37-38-51-scaled.jpg\" data-lightbox=\"lightbox-85f18b52\"><img decoding=\"async\" class=\"vce-image-gallery-img\" title=\"hoteldecalais-letreport-37-38-51\" src=\"https:\/\/www.hoteldecalais.fr\/v5\/wp-content\/uploads\/2024\/05\/hoteldecalais-letreport-37-38-51-1024x683.jpg\" alt=\"\" \/><\/a><\/figure>\r\n<\/div>\r\n<div class=\"vce-image-gallery-item\">\r\n<figure class=\"vce-image-gallery-item-inner-wrapper\"><a class=\"vce-image-gallery-item-inner\" href=\"https:\/\/www.hoteldecalais.fr\/v5\/wp-content\/uploads\/2024\/05\/hoteldecalais-letreport-37-38-50-scaled.jpg\" data-lightbox=\"lightbox-85f18b52\"><img decoding=\"async\" class=\"vce-image-gallery-img\" title=\"hoteldecalais-letreport-37-38-50\" src=\"https:\/\/www.hoteldecalais.fr\/v5\/wp-content\/uploads\/2024\/05\/hoteldecalais-letreport-37-38-50-1024x683.jpg\" alt=\"\" \/><\/a><\/figure>\r\n<\/div>\r\n<\/div>\r\n<\/div>\r\n<\/div>\r\n\r\n\r\n<\/div>\r\n<\/div>\r\n<\/div>\r\n\r\n\r\n<\/div>\r\n<\/div>\r\n<\/div>\r\n\r\n<div class=\"vce-row-container\" data-vce-boxed-width=\"true\">\r\n<div id=\"el-f21e2e5c\" class=\"vce-row vce-row--col-gap-30 vce-row-equal-height vce-row-content--top\" data-vce-do-apply=\"all el-f21e2e5c\">\r\n<div class=\"vce-row-content\" data-vce-element-content=\"true\">\r\n\r\n\r\n<div id=\"el-6a64ce8b\" class=\"vce-col vce-col--md-auto vce-col--xs-1 vce-col--xs-last vce-col--xs-first vce-col--sm-last vce-col--sm-first vce-col--md-last vce-col--lg-last vce-col--xl-last vce-col--md-first vce-col--lg-first vce-col--xl-first\">\r\n<div class=\"vce-col-inner\" data-vce-do-apply=\"border margin background el-6a64ce8b\">\r\n<div class=\"vce-col-content\" data-vce-element-content=\"true\" data-vce-do-apply=\"padding el-6a64ce8b\">\r\n\r\n\r\n<div class=\"vce-text-block\">\r\n<div id=\"el-862672d0\" class=\"vce-text-block-wrapper vce\" data-vce-do-apply=\"all el-862672d0\">\r\n<div>\r\n\r\n<noscript>\r\n\r\n<style>.vce-row-container .vcv-lozad {display: none}<\/style><\/noscript>\r\n\r\n<\/div>\r\n<div>\r\n<div>\r\n\r\n<noscript>\r\n\r\n<style>.vce-row-container .vcv-lozad {display: none}<\/style><\/noscript>\r\n\r\n<\/div>\r\n<div>\r\n<h2 style=\"text-align: center;\">Tarifs<\/h2>\r\n<table style=\"height: 305px;\" border=\"1\" width=\"1686\">\r\n<tbody>\r\n<tr>\r\n<td colspan=\"3\" width=\"208\">Basse saison<\/td>\r\n<td colspan=\"3\" width=\"255\">Moyenne saison<\/td>\r\n<td width=\"170\">Haute saison<\/td>\r\n<\/tr>\r\n<tr>\r\n<td colspan=\"3\" width=\"208\">Hors autres p\u00e9riodes<\/td>\r\n<td colspan=\"3\" width=\"255\">Vacances scolaires, Avril, Mai, Juin, Septembre<\/td>\r\n<td width=\"170\">Juillet et Ao\u00fbt<\/td>\r\n<\/tr>\r\n<tr>\r\n<td width=\"66\">Nuits*<\/td>\r\n<td width=\"66\">3 nuits*<\/td>\r\n<td width=\"76\">Semaine<\/td>\r\n<td width=\"76\">Nuit*<\/td>\r\n<td width=\"76\">3 nuits*<\/td>\r\n<td width=\"104\">Semaine<\/td>\r\n<td width=\"170\">Semaine<\/td>\r\n<\/tr>\r\n<tr>\r\n<td width=\"66\"><strong>100 \u20ac<\/strong><\/td>\r\n<td width=\"66\">85 x 3\r\n\r\n<strong>255 \u20ac<\/strong><\/td>\r\n<td width=\"76\">45 x 7\r\n\r\n<strong>315 \u20ac<\/strong><\/td>\r\n<td width=\"76\"><strong>100 \u20ac<\/strong><\/td>\r\n<td width=\"76\">95 x 3\r\n\r\n<strong>285 \u20ac<\/strong><\/td>\r\n<td width=\"104\">55 x 7\r\n\r\n<strong>385 \u20ac<\/strong><\/td>\r\n<td width=\"170\">68 x 7\r\n\r\n<strong>476 \u20ac<\/strong><\/td>\r\n<\/tr>\r\n<\/tbody>\r\n<\/table>\r\n<\/div>\r\n<\/div>\r\n<\/div>\r\n&nbsp;\r\n<div id=\"el-862672d0\" class=\"vce-text-block-wrapper vce\" data-vce-do-apply=\"all el-862672d0\">\r\n<div>\r\n<div>\r\n\r\n* : Except\u00e9 jours f\u00e9ri\u00e9s et leur ponts. Attention, les prix peuvent \u00eatre major\u00e9s les jours f\u00e9ri\u00e9s et leurs ponts et dates \u00e9v\u00e9nementielles.\r\n\r\n&nbsp;\r\n\r\n&nbsp;\r\n\r\n<strong><u>REMARQUES :<\/u><\/strong>\r\n\r\nNos prix comprennent : location - charges (eau, gaz, \u00e9lectricit\u00e9, chauffage).\r\n\r\nNos prix ne comprennent pas : - linge de cuisine\r\n\r\n<strong>\u00a0\u00a0\u00a0\u00a0\u00a0\u00a0\u00a0\u00a0\u00a0\u00a0\u00a0\u00a0\u00a0\u00a0\u00a0\u00a0\u00a0\u00a0\u00a0\u00a0\u00a0\u00a0\u00a0\u00a0\u00a0\u00a0\u00a0\u00a0\u00a0\u00a0\u00a0\u00a0\u00a0\u00a0\u00a0\u00a0\u00a0\u00a0\u00a0\u00a0\u00a0\u00a0\u00a0\u00a0\u00a0\u00a0\u00a0\u00a0 <\/strong>\u00a0\u00a0\u00a0\u00a0\u00a0\u00a0\u00a0\u00a0\u00a0\u00a0\u00a0\u00a0\u00a0\u00a0- Taxe de s\u00e9jour\u00a0: comprise dans le prix de la location.\r\n\r\n- animal de compagnie admis (3 \u20ac\/jour) sous certaines conditions.\r\n\r\n- m\u00e9nage : 20 \u20ac \u00e0 60 \u20ac.\r\n\r\n- caution d\u00e9finie suivant le type de meubl\u00e9.\r\n\r\n- formule week-end : du vendredi 14 h au dimanche 10 h.\r\n\r\n- semaine et quinzaine suivant disponibilit\u00e9 \u00e0 partir de 14 h, le jour d\u2019arriv\u00e9e, jusqu\u2019\u00e0 10 h le jour de d\u00e9part.\r\n\r\n<em>Nous r\u00e9servons fermement un appartement contre des arrhes d\u00e9termin\u00e9es en rapport avec le prix de la location.<\/em>\r\n\r\n<em>Un contrat de location est sign\u00e9 entre les deux partis.<\/em>\r\n\r\n<strong><em>L\u2019H\u00f4tel de Calais c\u2019est aussi 45 chambres d\u2019h\u00f4tel dont la plupart ont une vue imprenable sur le port.<\/em><\/strong>\r\n\r\n&nbsp;\r\n\r\n<\/div>\r\n<div><\/div>\r\n<\/div>\r\n<div>\r\n<div id=\"cliSettingsPopup\" class=\"cli-modal\" tabindex=\"-1\" role=\"dialog\" data-nosnippet=\"true\" aria-labelledby=\"cliSettingsPopup\" aria-hidden=\"true\">\r\n<div class=\"cli-modal-dialog\" role=\"document\">\r\n<div class=\"cli-modal-content cli-bar-popup\">\r\n<div class=\"cli-modal-footer\">\r\n<div class=\"wt-cli-element cli-container-fluid cli-tab-container\">\r\n<div class=\"cli-row\">\r\n<div class=\"cli-col-12 cli-align-items-stretch cli-px-0\">\r\n<div class=\"wt-cli-ckyes-footer-section\">\r\n<div class=\"wt-cli-ckyes-brand-logo\"><\/div>\r\n<\/div>\r\n<\/div>\r\n<\/div>\r\n<\/div>\r\n<\/div>\r\n<\/div>\r\n<\/div>\r\n<\/div>\r\n<\/div>\r\n<\/div>\r\n<\/div>\r\n\r\n\r\n<\/div>\r\n<\/div>\r\n<\/div>\r\n\r\n\r\n<\/div>\r\n<\/div>\r\n<\/div>\r\n\n<\/div>\n<\/div><\/div>\n<\/div>\n<\/div>\n<\/div>\n<\/div>\n<\/div>\n\n","protected":false},"excerpt":{"rendered":"","protected":false},"author":1,"featured_media":0,"parent":0,"menu_order":0,"comment_status":"closed","ping_status":"closed","template":"","meta":{"footnotes":""},"class_list":["post-17394","page","type-page","status-publish","hentry"],"_links":{"self":[{"href":"https:\/\/www.hoteldecalais.fr\/v5\/wp-json\/wp\/v2\/pages\/17394","targetHints":{"allow":["GET"]}}],"collection":[{"href":"https:\/\/www.hoteldecalais.fr\/v5\/wp-json\/wp\/v2\/pages"}],"about":[{"href":"https:\/\/www.hoteldecalais.fr\/v5\/wp-json\/wp\/v2\/types\/page"}],"author":[{"embeddable":true,"href":"https:\/\/www.hoteldecalais.fr\/v5\/wp-json\/wp\/v2\/users\/1"}],"replies":[{"embeddable":true,"href":"https:\/\/www.hoteldecalais.fr\/v5\/wp-json\/wp\/v2\/comments?post=17394"}],"version-history":[{"count":10,"href":"https:\/\/www.hoteldecalais.fr\/v5\/wp-json\/wp\/v2\/pages\/17394\/revisions"}],"predecessor-version":[{"id":17598,"href":"https:\/\/www.hoteldecalais.fr\/v5\/wp-json\/wp\/v2\/pages\/17394\/revisions\/17598"}],"wp:attachment":[{"href":"https:\/\/www.hoteldecalais.fr\/v5\/wp-json\/wp\/v2\/media?parent=17394"}],"curies":[{"name":"wp","href":"https:\/\/api.w.org\/{rel}","templated":true}]}}