{"id":16976,"date":"2021-07-16T11:07:23","date_gmt":"2021-07-16T09:07:23","guid":{"rendered":"https:\/\/www.hoteldecalais.fr\/v5\/?page_id=16976"},"modified":"2025-02-12T10:27:02","modified_gmt":"2025-02-12T09:27:02","slug":"mentions-legales","status":"publish","type":"page","link":"https:\/\/www.hoteldecalais.fr\/v5\/mentions-legales\/","title":{"rendered":"Mentions l\u00e9gales"},"content":{"rendered":"<div id=\"cmsmasters_row_i1jf8amf1i\" class=\"cmsmasters_row cmsmasters_color_scheme_default cmsmasters_row_top_default cmsmasters_row_bot_default cmsmasters_row_boxed\">\n<div class=\"cmsmasters_row_outer_parent\">\n<div class=\"cmsmasters_row_outer\">\n<div class=\"cmsmasters_row_inner\">\n<div class=\"cmsmasters_row_margin\">\n<div id=\"cmsmasters_column_n6ih0g01eg\" class=\"cmsmasters_column one_first\">\n<div class=\"cmsmasters_column_inner\"><div class=\"cmsmasters_text\">\n<p>&nbsp;<\/p>\n<p>&nbsp;<\/p>\n<p><strong>MENTIONS LEGALES<\/strong><\/p>\n<p>Le site\u00a0<strong>hoteldecalais.com\u00a0<\/strong>est la propri\u00e9t\u00e9 de\u00a0la<strong> SAS Hotel de Calais<\/strong>\u00a0au capital social de 753 170 \u20ac euros, domicili\u00e9e 1 rue de la Commune de Paris au Tr\u00e9port 76470 et repr\u00e9sent\u00e9e par M. Daniel LEVILLAIN en sa qualit\u00e9 de g\u00e9rant.<\/p>\n<p><strong>SAS Hotel de Calais<\/strong><br \/>\nT\u00e9l. : +33 (0)2 27 28 09 09<br \/>\nE-mail : info@hoteldecalais.com<br \/>\n982\u00a0581\u00a0795 RCS Dieppe<br \/>\nSIRET 982\u00a0581\u00a0795 00019<br \/>\nAPE 5510Z<br \/>\nN\u00b0 TVA\u00a0intra\u00a0: FR78\u00a0982\u00a0581 795<\/p>\n<hr \/>\n<p><strong>Droits d&rsquo;auteur :<\/strong><\/p>\n<p>L&rsquo;ensemble de ce site rel\u00e8ve de la l\u00e9gislation fran\u00e7aise et internationale du droit d&rsquo;auteur et la propri\u00e9t\u00e9 intellectuelle fran\u00e7aise, qui mentionne que les cr\u00e9ations graphiques, photos, articles etc. sont prot\u00e9g\u00e9s du simple fait de leur cr\u00e9ation et de leur originalit\u00e9. Toute utilisation ou extraction d&rsquo;\u00e9l\u00e9ments du site non autoris\u00e9e par le directeur de la publication est illicite et sanctionn\u00e9 p\u00e9nalement par le d\u00e9lit de contrefa\u00e7on. Les usages autoris\u00e9s des textes pr\u00e9sent\u00e9s sur ce site sont les suivants :<\/p>\n<p>&#8211; Reproduction strictement r\u00e9serv\u00e9e \u00e0 l&rsquo;usage priv\u00e9 du copiste et non destin\u00e9e \u00e0 une utilisation collective.<\/p>\n<p>&#8211; Reproduction, diffusion ou repr\u00e9sentation \u00e0 des fins d&rsquo;information professionnelle, sur support non num\u00e9rique, \u00e0 la condition expresse de ne pas modifier les \u0153uvres et de mentionner la source.<\/p>\n<p>&#8211; Courtes citations : sont licites les citations courtes des textes pr\u00e9sents sur le site dans la mesure o\u00f9 ils s&rsquo;int\u00e8grent dans une \u0153uvre nouvelle, \u00e0 la condition expresse de ne pas modifier les \u0153uvres cit\u00e9es, de les d\u00e9limiter formellement (guillemets de citation ou typographie distinctive) et de mentionner la source. Toute autre exploitation des textes pr\u00e9sents sur le site, notamment republication sur d&rsquo;autres sites, Internet ou intranet, suppose l&rsquo;accord du directeur de la publication. Toute exploitation, m\u00eame \u00e0 titre priv\u00e9, de la totalit\u00e9 ou d&rsquo;une partie substantielle du site suppose l&rsquo;accord du directeur de la publication conform\u00e9ment aux dispositions. Tout manquement aux r\u00e8gles du droit d&rsquo;auteur ou du droit des bases de donn\u00e9es est passible de sanctions p\u00e9nales au titre du d\u00e9lit de contrefa\u00e7on, sans pr\u00e9judice d&rsquo;\u00e9ventuelles demandes de dommages et int\u00e9r\u00eats de la part des titulaires de droits.<\/p>\n<p><strong>Logo de l&rsquo;h\u00f4tel<\/strong><\/p>\n<p>Le logo de l&rsquo;h\u00f4tel est la propri\u00e9t\u00e9 de Mr Levillain. Toute reproduction totale ou partielle de cette marque sans autorisation pr\u00e9alable et \u00e9crite est prohib\u00e9e. Toute modification des proportions, couleurs, \u00e9l\u00e9ments et constituants est strictement interdite.<\/p>\n<p><strong>Photographies &#8211; Plans<\/strong><\/p>\n<p>Toutes les images pr\u00e9sentes sur ce site web sont soumises \u00e0 un copyright. Elles ne peuvent \u00eatre dupliqu\u00e9es ou utilis\u00e9es sans l&rsquo;autorisation \u00e9crite du directeur de l&rsquo;h\u00f4tel. Toute demande doit \u00eatre adress\u00e9e \u00e0 :<\/p>\n<p>H\u00f4tel de Calais<br \/>\n1, 11 rue de la commune de Paris<br \/>\n76470 Le Tr\u00e9port<\/p>\n<p>&nbsp;<\/p>\n<p><strong>Informations sur les prix<\/strong><\/p>\n<p>Les tarifs de nos h\u00e9bergements sont disponibles dans les pages \u00ab\u00a0Tarifs\u00a0\u00bb et de r\u00e9servations accessibles via les boutons liens \u00ab\u00a0R\u00e9server\u00a0\u00bb sur notre site.<\/p>\n<p>&nbsp;<\/p>\n<p><strong>Responsabilit\u00e9<\/strong><\/p>\n<p>Le site de l&rsquo;h\u00f4tel ne peut pas \u00eatre tenue pour responsable de la transmission d\u00e9fectueuse des donn\u00e9es dues aux divers r\u00e9seaux de l&rsquo;internet ou aux incompatibilit\u00e9s dues au navigateur de l&rsquo;utilisateur.<\/p>\n<p>\u00ab En application de la Loi n\u00b0 78-17 du 6 janvier 1978 relative \u00e0 l\u2019Informatique, aux Fichiers et aux Libert\u00e9s, vous disposez des droits d\u2019opposition (art. 26 de la loi), d\u2019acc\u00e8s (art.34 \u00e0 38 de la loi) et de rectification (art. 36 de la loi) des donn\u00e9es vous concernant. Ainsi, vous pouvez exiger que soient rectifi\u00e9es, compl\u00e9t\u00e9es, mises \u00e0 jour ou effac\u00e9es les informations vous concernant qui sont inexactes, incompl\u00e8tes, \u00e9quivoques, p\u00e9rim\u00e9es ou dont la collecte ou l\u2019utilisation, la communication ou la conservation est interdite. \u00bb<\/p>\n<p>&nbsp;<\/p>\n<p><strong>Collecte des donn\u00e9es personnelles<\/strong><\/p>\n<p>Indiquer ici les mentions relatives \u00e0 la collecte\/stockage des donn\u00e9es personnelles.<\/p>\n<p>\u00ab Conform\u00e9ment \u00e0 la loi n\u00b0 78-17 du 6 janvier 1978, relative \u00e0 l&rsquo;Informatique, aux Fichiers et aux Libert\u00e9s, vous disposez d&rsquo;un droit d&rsquo;acc\u00e8s et de rectification des donn\u00e9es \u00e0 caract\u00e8re personnel vous concernant. \u00bb<\/p>\n<p><strong>La Mediation de la consommation<\/strong><\/p>\n<p>Apr\u00e8s avoir saisi le service r\u00e9servation et \u00e0 d\u00e9faut de r\u00e9ponse satisfaisante ou en l&rsquo;absence de r\u00e9ponse dans un d\u00e9lai de 60 jours, le client peut saisir\u00a0<strong>gratuitement<\/strong>\u00a0le M\u00e9diateur du Tourisme et du Voyage, dont les coordonn\u00e9es et modalit\u00e9s de saisine sont disponibles sur son site : www.mtv.travel.<\/p>\n<p><strong>Mentions Relatives aux cookies<\/strong><\/p>\n<p><strong>Qu\u2019est-ce qu\u2019un cookie et \u00e0 quoi sert-il ?<\/strong><br \/>\nUn cookie (ou t\u00e9moin de connexion) est un fichier texte susceptible d\u2019\u00eatre enregistr\u00e9, sous r\u00e9serve de vos choix, dans un espace d\u00e9di\u00e9 du disque dur de votre terminal (ordinateur, tablette \u2026) \u00e0 l\u2019occasion de la consultation d\u2019un service en ligne gr\u00e2ce \u00e0 votre logiciel de navigation. Il est transmis par le serveur d\u2019un site internet \u00e0 votre navigateur. A chaque cookie est attribu\u00e9 un identifiant anonyme. Le fichier cookie permet \u00e0 son \u00e9metteur d\u2019identifier le terminal dans lequel il est enregistr\u00e9 pendant la dur\u00e9e de validit\u00e9 ou d\u2019enregistrement du cookie concern\u00e9. Un cookie ne permet pas de remonter \u00e0 une personne physique.<\/p>\n<p>&nbsp;<\/p>\n<hr \/>\n<p>&nbsp;<\/p>\n<p><strong>H\u00e9bergeur<\/strong><\/p>\n<p>OVH<\/p>\n<p>SAS au capital de 10 059 500 \u20ac<br \/>\nRCS Lille M\u00e9tropole 424 761 419 00045<br \/>\nCode APE 6202A<br \/>\nN\u00b0 TVA : FR 22 424 761 419<br \/>\nSi\u00e8ge social : 2 rue Kellermann &#8211; 59100 Roubaix &#8211; France.<\/p>\n<\/div>\n<\/div><\/div>\n<\/div>\n<\/div>\n<\/div>\n<\/div>\n<\/div>\n\n","protected":false},"excerpt":{"rendered":"","protected":false},"author":1,"featured_media":0,"parent":0,"menu_order":0,"comment_status":"closed","ping_status":"closed","template":"","meta":{"footnotes":""},"class_list":["post-16976","page","type-page","status-publish","hentry"],"_links":{"self":[{"href":"https:\/\/www.hoteldecalais.fr\/v5\/wp-json\/wp\/v2\/pages\/16976","targetHints":{"allow":["GET"]}}],"collection":[{"href":"https:\/\/www.hoteldecalais.fr\/v5\/wp-json\/wp\/v2\/pages"}],"about":[{"href":"https:\/\/www.hoteldecalais.fr\/v5\/wp-json\/wp\/v2\/types\/page"}],"author":[{"embeddable":true,"href":"https:\/\/www.hoteldecalais.fr\/v5\/wp-json\/wp\/v2\/users\/1"}],"replies":[{"embeddable":true,"href":"https:\/\/www.hoteldecalais.fr\/v5\/wp-json\/wp\/v2\/comments?post=16976"}],"version-history":[{"count":6,"href":"https:\/\/www.hoteldecalais.fr\/v5\/wp-json\/wp\/v2\/pages\/16976\/revisions"}],"predecessor-version":[{"id":17535,"href":"https:\/\/www.hoteldecalais.fr\/v5\/wp-json\/wp\/v2\/pages\/16976\/revisions\/17535"}],"wp:attachment":[{"href":"https:\/\/www.hoteldecalais.fr\/v5\/wp-json\/wp\/v2\/media?parent=16976"}],"curies":[{"name":"wp","href":"https:\/\/api.w.org\/{rel}","templated":true}]}}