{"id":16697,"date":"2021-06-25T10:03:26","date_gmt":"2021-06-25T08:03:26","guid":{"rendered":"https:\/\/www.hoteldecalais.fr\/v5\/?page_id=16697"},"modified":"2026-01-08T11:45:11","modified_gmt":"2026-01-08T10:45:11","slug":"meuble-32-34","status":"publish","type":"page","link":"https:\/\/www.hoteldecalais.fr\/v5\/meuble-32-34\/","title":{"rendered":"meuble-32-34"},"content":{"rendered":"<div id=\"cmsmasters_row_u709v621cj\" class=\"cmsmasters_row cmsmasters_color_scheme_default cmsmasters_row_top_default cmsmasters_row_bot_default cmsmasters_row_boxed\">\n<div class=\"cmsmasters_row_outer_parent\">\n<div class=\"cmsmasters_row_outer\">\n<div class=\"cmsmasters_row_inner\">\n<div class=\"cmsmasters_row_margin\">\n<div id=\"cmsmasters_column_10krbdy6qi\" class=\"cmsmasters_column one_first\">\n<div class=\"cmsmasters_column_inner\"><\/div><\/div>\n<\/div>\n<\/div>\n<\/div>\n<\/div>\n<\/div>\n<div id=\"cmsmasters_row_vfwmhn5ft\" class=\"cmsmasters_row cmsmasters_color_scheme_default cmsmasters_row_top_default cmsmasters_row_bot_default cmsmasters_row_boxed\">\n<div class=\"cmsmasters_row_outer_parent\">\n<div class=\"cmsmasters_row_outer\">\n<div class=\"cmsmasters_row_inner\">\n<div class=\"cmsmasters_row_margin\">\n<div id=\"cmsmasters_column_rgy7zn0s3y\" class=\"cmsmasters_column one_third\">\n<div class=\"cmsmasters_column_inner\"><div class=\"cmsmasters_text\">\n<h2>Meubl\u00e9 \u00ab\u00a032-34\u00a0\u00bb<\/h2>\n<\/div>\n<div class=\"cmsmasters_text\">\n<p class=\"texte_normal\"><span style=\"color: #000000;\">Pour 5 personnes.**<\/span><\/p>\n<p><span class=\"texte_normal\"><span style=\"color: #000000;\">Appartement meubl\u00e9 F3 situ\u00e9 au rez de chauss\u00e9e c\u00f4t\u00e9 cours ( 45 m\u00b2 ), compos\u00e9 d&rsquo;un s\u00e9jour, une cuisine, une chambre avec lit de 2 personnes + lit de une personne, une chambre avec lit de 2 personnes, une salle de bain avec baignoire, wc et lavabo. T\u00e9l\u00e9vision<\/span><\/span><\/p>\n<p>&nbsp;<\/p>\n<p><a href=\"https:\/\/hoteldecalais.thais-hotel.com\/direct-booking\/calendar?room_types=&#091;70&#093;\" target=\"_blank\" rel=\"noopener\"><img loading=\"lazy\" decoding=\"async\" class=\"alignnone wp-image-17260\" src=\"https:\/\/www.hoteldecalais.fr\/v5\/wp-content\/uploads\/2022\/06\/reserver-300x205.jpg\" alt=\"\" width=\"157\" height=\"107\" srcset=\"https:\/\/www.hoteldecalais.fr\/v5\/wp-content\/uploads\/2022\/06\/reserver-300x205.jpg 300w, https:\/\/www.hoteldecalais.fr\/v5\/wp-content\/uploads\/2022\/06\/reserver.jpg 526w\" sizes=\"auto, (max-width: 157px) 100vw, 157px\" \/><\/a><\/p>\n<\/div>\n<div class=\"cmsmasters_text\">\n<p>&nbsp;<\/p>\n<p>&nbsp;<\/p>\n<p>&nbsp;<\/p>\n<p>&nbsp;<\/p>\n<\/div>\n<\/div><\/div>\n<div id=\"cmsmasters_column_mbhm2z3nfq\" class=\"cmsmasters_column two_third\">\n<div class=\"cmsmasters_column_inner\"><div class=\"cmsmasters_content_slider_wrap\" style=\"max-width:px;\"><div id=\"cmsmasters_slider_j9iwdq6pr\" class=\"cmsmasters_owl_slider owl-carousel cmsmasters_content_slider\" data-auto-play=\"false\" data-stop-on-hover=\"false\" data-rewind-nav=\"false\" data-slide-speed=\"600\" data-pagination-speed=\"600\" data-rewind-speed=\"1000\" data-transition-style=\"false\" data-pagination=\"true\" data-navigation=\"true\"><div class=\"cmsmasters_owl_slider_item cmsmasters_content_slider_item\"><img loading=\"lazy\" decoding=\"async\" width=\"1000\" height=\"750\" src=\"https:\/\/www.hoteldecalais.fr\/v5\/wp-content\/uploads\/2025\/12\/6.jpg\" class=\"attachment-full size-full\" alt=\"\" srcset=\"https:\/\/www.hoteldecalais.fr\/v5\/wp-content\/uploads\/2025\/12\/6.jpg 1000w, https:\/\/www.hoteldecalais.fr\/v5\/wp-content\/uploads\/2025\/12\/6-300x225.jpg 300w, https:\/\/www.hoteldecalais.fr\/v5\/wp-content\/uploads\/2025\/12\/6-768x576.jpg 768w, https:\/\/www.hoteldecalais.fr\/v5\/wp-content\/uploads\/2025\/12\/6-580x435.jpg 580w, https:\/\/www.hoteldecalais.fr\/v5\/wp-content\/uploads\/2025\/12\/6-860x645.jpg 860w, https:\/\/www.hoteldecalais.fr\/v5\/wp-content\/uploads\/2025\/12\/6-320x240.jpg 320w, https:\/\/www.hoteldecalais.fr\/v5\/wp-content\/uploads\/2025\/12\/6-480x360.jpg 480w, https:\/\/www.hoteldecalais.fr\/v5\/wp-content\/uploads\/2025\/12\/6-800x600.jpg 800w\" sizes=\"auto, (max-width: 1000px) 100vw, 1000px\" \/><\/div><div class=\"cmsmasters_owl_slider_item cmsmasters_content_slider_item\"><img loading=\"lazy\" decoding=\"async\" width=\"750\" height=\"1000\" src=\"https:\/\/www.hoteldecalais.fr\/v5\/wp-content\/uploads\/2025\/12\/9.jpg\" class=\"attachment-full size-full\" alt=\"\" srcset=\"https:\/\/www.hoteldecalais.fr\/v5\/wp-content\/uploads\/2025\/12\/9.jpg 750w, https:\/\/www.hoteldecalais.fr\/v5\/wp-content\/uploads\/2025\/12\/9-225x300.jpg 225w, https:\/\/www.hoteldecalais.fr\/v5\/wp-content\/uploads\/2025\/12\/9-580x773.jpg 580w, https:\/\/www.hoteldecalais.fr\/v5\/wp-content\/uploads\/2025\/12\/9-320x427.jpg 320w, https:\/\/www.hoteldecalais.fr\/v5\/wp-content\/uploads\/2025\/12\/9-480x640.jpg 480w\" sizes=\"auto, (max-width: 750px) 100vw, 750px\" \/><\/div><div class=\"cmsmasters_owl_slider_item cmsmasters_content_slider_item\"><img loading=\"lazy\" decoding=\"async\" width=\"750\" height=\"1000\" src=\"https:\/\/www.hoteldecalais.fr\/v5\/wp-content\/uploads\/2025\/12\/8.jpg\" class=\"attachment-full size-full\" alt=\"\" srcset=\"https:\/\/www.hoteldecalais.fr\/v5\/wp-content\/uploads\/2025\/12\/8.jpg 750w, https:\/\/www.hoteldecalais.fr\/v5\/wp-content\/uploads\/2025\/12\/8-225x300.jpg 225w, https:\/\/www.hoteldecalais.fr\/v5\/wp-content\/uploads\/2025\/12\/8-580x773.jpg 580w, https:\/\/www.hoteldecalais.fr\/v5\/wp-content\/uploads\/2025\/12\/8-320x427.jpg 320w, https:\/\/www.hoteldecalais.fr\/v5\/wp-content\/uploads\/2025\/12\/8-480x640.jpg 480w\" sizes=\"auto, (max-width: 750px) 100vw, 750px\" \/><\/div><div class=\"cmsmasters_owl_slider_item cmsmasters_content_slider_item\"><img loading=\"lazy\" decoding=\"async\" width=\"750\" height=\"1000\" src=\"https:\/\/www.hoteldecalais.fr\/v5\/wp-content\/uploads\/2025\/12\/7.jpg\" class=\"attachment-full size-full\" alt=\"\" srcset=\"https:\/\/www.hoteldecalais.fr\/v5\/wp-content\/uploads\/2025\/12\/7.jpg 750w, https:\/\/www.hoteldecalais.fr\/v5\/wp-content\/uploads\/2025\/12\/7-225x300.jpg 225w, https:\/\/www.hoteldecalais.fr\/v5\/wp-content\/uploads\/2025\/12\/7-580x773.jpg 580w, https:\/\/www.hoteldecalais.fr\/v5\/wp-content\/uploads\/2025\/12\/7-320x427.jpg 320w, https:\/\/www.hoteldecalais.fr\/v5\/wp-content\/uploads\/2025\/12\/7-480x640.jpg 480w\" sizes=\"auto, (max-width: 750px) 100vw, 750px\" \/><\/div><div class=\"cmsmasters_owl_slider_item cmsmasters_content_slider_item\"><img loading=\"lazy\" decoding=\"async\" width=\"750\" height=\"1000\" src=\"https:\/\/www.hoteldecalais.fr\/v5\/wp-content\/uploads\/2025\/12\/5.jpg\" class=\"attachment-full size-full\" alt=\"\" srcset=\"https:\/\/www.hoteldecalais.fr\/v5\/wp-content\/uploads\/2025\/12\/5.jpg 750w, https:\/\/www.hoteldecalais.fr\/v5\/wp-content\/uploads\/2025\/12\/5-225x300.jpg 225w, https:\/\/www.hoteldecalais.fr\/v5\/wp-content\/uploads\/2025\/12\/5-580x773.jpg 580w, https:\/\/www.hoteldecalais.fr\/v5\/wp-content\/uploads\/2025\/12\/5-320x427.jpg 320w, https:\/\/www.hoteldecalais.fr\/v5\/wp-content\/uploads\/2025\/12\/5-480x640.jpg 480w\" sizes=\"auto, (max-width: 750px) 100vw, 750px\" \/><\/div><div class=\"cmsmasters_owl_slider_item cmsmasters_content_slider_item\"><img loading=\"lazy\" decoding=\"async\" width=\"750\" height=\"1000\" src=\"https:\/\/www.hoteldecalais.fr\/v5\/wp-content\/uploads\/2025\/12\/4.jpg\" class=\"attachment-full size-full\" alt=\"\" srcset=\"https:\/\/www.hoteldecalais.fr\/v5\/wp-content\/uploads\/2025\/12\/4.jpg 750w, https:\/\/www.hoteldecalais.fr\/v5\/wp-content\/uploads\/2025\/12\/4-225x300.jpg 225w, https:\/\/www.hoteldecalais.fr\/v5\/wp-content\/uploads\/2025\/12\/4-580x773.jpg 580w, https:\/\/www.hoteldecalais.fr\/v5\/wp-content\/uploads\/2025\/12\/4-320x427.jpg 320w, https:\/\/www.hoteldecalais.fr\/v5\/wp-content\/uploads\/2025\/12\/4-480x640.jpg 480w\" sizes=\"auto, (max-width: 750px) 100vw, 750px\" \/><\/div><div class=\"cmsmasters_owl_slider_item cmsmasters_content_slider_item\"><img loading=\"lazy\" decoding=\"async\" width=\"750\" height=\"1000\" src=\"https:\/\/www.hoteldecalais.fr\/v5\/wp-content\/uploads\/2025\/12\/3.jpg\" class=\"attachment-full size-full\" alt=\"\" srcset=\"https:\/\/www.hoteldecalais.fr\/v5\/wp-content\/uploads\/2025\/12\/3.jpg 750w, https:\/\/www.hoteldecalais.fr\/v5\/wp-content\/uploads\/2025\/12\/3-225x300.jpg 225w, https:\/\/www.hoteldecalais.fr\/v5\/wp-content\/uploads\/2025\/12\/3-580x773.jpg 580w, https:\/\/www.hoteldecalais.fr\/v5\/wp-content\/uploads\/2025\/12\/3-320x427.jpg 320w, https:\/\/www.hoteldecalais.fr\/v5\/wp-content\/uploads\/2025\/12\/3-480x640.jpg 480w\" sizes=\"auto, (max-width: 750px) 100vw, 750px\" \/><\/div><div class=\"cmsmasters_owl_slider_item cmsmasters_content_slider_item\"><img loading=\"lazy\" decoding=\"async\" width=\"750\" height=\"1000\" src=\"https:\/\/www.hoteldecalais.fr\/v5\/wp-content\/uploads\/2025\/12\/2.jpg\" class=\"attachment-full size-full\" alt=\"\" srcset=\"https:\/\/www.hoteldecalais.fr\/v5\/wp-content\/uploads\/2025\/12\/2.jpg 750w, https:\/\/www.hoteldecalais.fr\/v5\/wp-content\/uploads\/2025\/12\/2-225x300.jpg 225w, https:\/\/www.hoteldecalais.fr\/v5\/wp-content\/uploads\/2025\/12\/2-580x773.jpg 580w, https:\/\/www.hoteldecalais.fr\/v5\/wp-content\/uploads\/2025\/12\/2-320x427.jpg 320w, https:\/\/www.hoteldecalais.fr\/v5\/wp-content\/uploads\/2025\/12\/2-480x640.jpg 480w\" sizes=\"auto, (max-width: 750px) 100vw, 750px\" \/><\/div><div class=\"cmsmasters_owl_slider_item cmsmasters_content_slider_item\"><img loading=\"lazy\" decoding=\"async\" width=\"750\" height=\"1000\" src=\"https:\/\/www.hoteldecalais.fr\/v5\/wp-content\/uploads\/2025\/12\/1.jpg\" class=\"attachment-full size-full\" alt=\"\" srcset=\"https:\/\/www.hoteldecalais.fr\/v5\/wp-content\/uploads\/2025\/12\/1.jpg 750w, https:\/\/www.hoteldecalais.fr\/v5\/wp-content\/uploads\/2025\/12\/1-225x300.jpg 225w, https:\/\/www.hoteldecalais.fr\/v5\/wp-content\/uploads\/2025\/12\/1-580x773.jpg 580w, https:\/\/www.hoteldecalais.fr\/v5\/wp-content\/uploads\/2025\/12\/1-320x427.jpg 320w, https:\/\/www.hoteldecalais.fr\/v5\/wp-content\/uploads\/2025\/12\/1-480x640.jpg 480w\" sizes=\"auto, (max-width: 750px) 100vw, 750px\" \/><\/div><div class=\"cmsmasters_owl_slider_item cmsmasters_content_slider_item\"><img loading=\"lazy\" decoding=\"async\" width=\"600\" height=\"450\" src=\"https:\/\/www.hoteldecalais.fr\/v5\/wp-content\/uploads\/2021\/06\/hoteldecalais-letreport-32-34-situation2.jpg\" class=\"attachment-full size-full\" alt=\"\" srcset=\"https:\/\/www.hoteldecalais.fr\/v5\/wp-content\/uploads\/2021\/06\/hoteldecalais-letreport-32-34-situation2.jpg 600w, https:\/\/www.hoteldecalais.fr\/v5\/wp-content\/uploads\/2021\/06\/hoteldecalais-letreport-32-34-situation2-300x225.jpg 300w, https:\/\/www.hoteldecalais.fr\/v5\/wp-content\/uploads\/2021\/06\/hoteldecalais-letreport-32-34-situation2-580x435.jpg 580w\" sizes=\"auto, (max-width: 600px) 100vw, 600px\" \/><\/div><div class=\"cmsmasters_owl_slider_item cmsmasters_content_slider_item\"><img loading=\"lazy\" decoding=\"async\" width=\"600\" height=\"450\" src=\"https:\/\/www.hoteldecalais.fr\/v5\/wp-content\/uploads\/2021\/06\/hoteldecalais-letreport-32-34-5.jpg\" class=\"attachment-full size-full\" alt=\"\" srcset=\"https:\/\/www.hoteldecalais.fr\/v5\/wp-content\/uploads\/2021\/06\/hoteldecalais-letreport-32-34-5.jpg 600w, https:\/\/www.hoteldecalais.fr\/v5\/wp-content\/uploads\/2021\/06\/hoteldecalais-letreport-32-34-5-300x225.jpg 300w, https:\/\/www.hoteldecalais.fr\/v5\/wp-content\/uploads\/2021\/06\/hoteldecalais-letreport-32-34-5-580x435.jpg 580w\" sizes=\"auto, (max-width: 600px) 100vw, 600px\" \/><\/div><div class=\"cmsmasters_owl_slider_item cmsmasters_content_slider_item\"><img loading=\"lazy\" decoding=\"async\" width=\"600\" height=\"450\" src=\"https:\/\/www.hoteldecalais.fr\/v5\/wp-content\/uploads\/2021\/06\/hoteldecalais-letreport-32-34-4.jpg\" class=\"attachment-full size-full\" alt=\"\" srcset=\"https:\/\/www.hoteldecalais.fr\/v5\/wp-content\/uploads\/2021\/06\/hoteldecalais-letreport-32-34-4.jpg 600w, https:\/\/www.hoteldecalais.fr\/v5\/wp-content\/uploads\/2021\/06\/hoteldecalais-letreport-32-34-4-300x225.jpg 300w, https:\/\/www.hoteldecalais.fr\/v5\/wp-content\/uploads\/2021\/06\/hoteldecalais-letreport-32-34-4-580x435.jpg 580w\" sizes=\"auto, (max-width: 600px) 100vw, 600px\" \/><\/div><div class=\"cmsmasters_owl_slider_item cmsmasters_content_slider_item\"><img loading=\"lazy\" decoding=\"async\" width=\"600\" height=\"450\" src=\"https:\/\/www.hoteldecalais.fr\/v5\/wp-content\/uploads\/2021\/06\/hoteldecalais-letreport-32-34-vue1.jpg\" class=\"attachment-full size-full\" alt=\"\" srcset=\"https:\/\/www.hoteldecalais.fr\/v5\/wp-content\/uploads\/2021\/06\/hoteldecalais-letreport-32-34-vue1.jpg 600w, https:\/\/www.hoteldecalais.fr\/v5\/wp-content\/uploads\/2021\/06\/hoteldecalais-letreport-32-34-vue1-300x225.jpg 300w, https:\/\/www.hoteldecalais.fr\/v5\/wp-content\/uploads\/2021\/06\/hoteldecalais-letreport-32-34-vue1-580x435.jpg 580w\" sizes=\"auto, (max-width: 600px) 100vw, 600px\" \/><\/div><div class=\"cmsmasters_owl_slider_item cmsmasters_content_slider_item\"><img loading=\"lazy\" decoding=\"async\" width=\"600\" height=\"450\" src=\"https:\/\/www.hoteldecalais.fr\/v5\/wp-content\/uploads\/2021\/06\/hoteldecalais-letreport-32-34-vue2.jpg\" class=\"attachment-full size-full\" alt=\"\" srcset=\"https:\/\/www.hoteldecalais.fr\/v5\/wp-content\/uploads\/2021\/06\/hoteldecalais-letreport-32-34-vue2.jpg 600w, https:\/\/www.hoteldecalais.fr\/v5\/wp-content\/uploads\/2021\/06\/hoteldecalais-letreport-32-34-vue2-300x225.jpg 300w, https:\/\/www.hoteldecalais.fr\/v5\/wp-content\/uploads\/2021\/06\/hoteldecalais-letreport-32-34-vue2-580x435.jpg 580w\" sizes=\"auto, (max-width: 600px) 100vw, 600px\" \/><\/div><div class=\"cmsmasters_owl_slider_item cmsmasters_content_slider_item\"><img loading=\"lazy\" decoding=\"async\" width=\"600\" height=\"450\" src=\"https:\/\/www.hoteldecalais.fr\/v5\/wp-content\/uploads\/2021\/06\/hoteldecalais-letreport-32-34-vue3.jpg\" class=\"attachment-full size-full\" alt=\"\" srcset=\"https:\/\/www.hoteldecalais.fr\/v5\/wp-content\/uploads\/2021\/06\/hoteldecalais-letreport-32-34-vue3.jpg 600w, https:\/\/www.hoteldecalais.fr\/v5\/wp-content\/uploads\/2021\/06\/hoteldecalais-letreport-32-34-vue3-300x225.jpg 300w, https:\/\/www.hoteldecalais.fr\/v5\/wp-content\/uploads\/2021\/06\/hoteldecalais-letreport-32-34-vue3-580x435.jpg 580w\" sizes=\"auto, (max-width: 600px) 100vw, 600px\" \/><\/div><div class=\"cmsmasters_owl_slider_item cmsmasters_content_slider_item\"><img loading=\"lazy\" decoding=\"async\" width=\"600\" height=\"450\" src=\"https:\/\/www.hoteldecalais.fr\/v5\/wp-content\/uploads\/2021\/06\/hoteldecalais-letreport-32-34-situation.jpg\" class=\"attachment-full size-full\" alt=\"\" srcset=\"https:\/\/www.hoteldecalais.fr\/v5\/wp-content\/uploads\/2021\/06\/hoteldecalais-letreport-32-34-situation.jpg 600w, https:\/\/www.hoteldecalais.fr\/v5\/wp-content\/uploads\/2021\/06\/hoteldecalais-letreport-32-34-situation-300x225.jpg 300w, https:\/\/www.hoteldecalais.fr\/v5\/wp-content\/uploads\/2021\/06\/hoteldecalais-letreport-32-34-situation-580x435.jpg 580w\" sizes=\"auto, (max-width: 600px) 100vw, 600px\" \/><\/div><\/div>\n<\/div>\n<\/div><\/div>\n<\/div>\n<\/div>\n<\/div>\n<\/div>\n<\/div>\n<div id=\"cmsmasters_row_ygsla1u9yg\" class=\"cmsmasters_row cmsmasters_color_scheme_default cmsmasters_row_top_default cmsmasters_row_bot_default cmsmasters_row_boxed\">\n<div class=\"cmsmasters_row_outer_parent\">\n<div class=\"cmsmasters_row_outer\">\n<div class=\"cmsmasters_row_inner\">\n<div class=\"cmsmasters_row_margin\">\n<div id=\"cmsmasters_column_8zepg8yhf\" class=\"cmsmasters_column one_first\">\n<div class=\"cmsmasters_column_inner\"><div class=\"cmsmasters_text\">\n<h2 style=\"text-align: center;\">Tarifs<\/h2>\n<table style=\"height: 346px;\" border=\"1\" width=\"1299\">\n<tbody>\n<tr>\n<td colspan=\"3\" width=\"226\">Basse saison<\/td>\n<td colspan=\"3\" width=\"246\">Moyenne saison<\/td>\n<td width=\"132\">Haute saison<\/td>\n<\/tr>\n<tr>\n<td colspan=\"3\" width=\"226\">Hors autres p\u00e9riodes<\/td>\n<td colspan=\"3\" width=\"246\">Vacances scolaires, Avril, Mai, Juin, Septembre<\/td>\n<td width=\"132\">Juillet et Ao\u00fbt<\/td>\n<\/tr>\n<tr>\n<td width=\"75\">Nuit*<\/td>\n<td width=\"85\">3 nuits*<\/td>\n<td width=\"66\">Semaine<\/td>\n<td width=\"85\">Nuit*<\/td>\n<td width=\"85\">3 nuits*<\/td>\n<td width=\"76\">Semaine<\/td>\n<td width=\"132\">Semaine<\/td>\n<\/tr>\n<tr>\n<td width=\"75\"><strong>120 \u20ac<\/strong><\/td>\n<td width=\"85\">105 x 3<\/p>\n<p><strong>315 \u20ac<\/strong><\/td>\n<td width=\"66\">50 x 7<\/p>\n<p><strong>350 \u20ac<\/strong><\/td>\n<td width=\"85\"><strong>120 \u20ac<\/strong><\/td>\n<td width=\"85\">110 x 3<\/p>\n<p><strong>330 \u20ac<\/strong><\/td>\n<td width=\"76\">79 x 7<\/p>\n<p><strong>553 \u20ac<\/strong><\/td>\n<td width=\"132\">92 x 7<\/p>\n<p><strong>644 \u20ac<\/strong><\/td>\n<\/tr>\n<\/tbody>\n<\/table>\n<p>* : Except\u00e9 jours f\u00e9ri\u00e9s et leur ponts. Attention, les prix peuvent \u00eatre major\u00e9s les jours f\u00e9ri\u00e9s et leurs ponts et dates \u00e9v\u00e9nementielles.<\/p>\n<p>&nbsp;<\/p>\n<p><strong><u>REMARQUES :<\/u><\/strong><\/p>\n<p>Nos prix comprennent : location &#8211; charges (eau, gaz, \u00e9lectricit\u00e9, chauffage).<\/p>\n<p>Nos prix ne comprennent pas : &#8211; linge de cuisine<\/p>\n<p><strong>\u00a0\u00a0\u00a0\u00a0\u00a0\u00a0\u00a0\u00a0\u00a0\u00a0\u00a0\u00a0\u00a0\u00a0\u00a0\u00a0\u00a0\u00a0\u00a0\u00a0\u00a0\u00a0\u00a0\u00a0\u00a0\u00a0\u00a0\u00a0\u00a0\u00a0\u00a0\u00a0\u00a0\u00a0\u00a0\u00a0\u00a0\u00a0\u00a0\u00a0\u00a0\u00a0\u00a0\u00a0\u00a0\u00a0\u00a0\u00a0 <\/strong>\u00a0\u00a0\u00a0\u00a0\u00a0\u00a0\u00a0\u00a0\u00a0\u00a0\u00a0\u00a0\u00a0\u00a0&#8211; Taxe de s\u00e9jour\u00a0: comprise dans le prix de la location.<\/p>\n<p>&#8211; animal de compagnie admis (3 \u20ac\/jour) sous certaines conditions.<\/p>\n<p>&#8211; m\u00e9nage : 20 \u20ac \u00e0 60 \u20ac.<\/p>\n<p>&#8211; caution d\u00e9finie suivant le type de meubl\u00e9.<\/p>\n<p>&#8211; formule week-end : du vendredi 14 h au dimanche 10 h.<\/p>\n<p>&#8211; semaine et quinzaine suivant disponibilit\u00e9 \u00e0 partir de 14 h, le jour d\u2019arriv\u00e9e, jusqu\u2019\u00e0 10 h le jour de d\u00e9part.<\/p>\n<p><em>Nous r\u00e9servons fermement un appartement contre des arrhes d\u00e9termin\u00e9es en rapport avec le prix de la location.<\/em><\/p>\n<p><em>Un contrat de location est sign\u00e9 entre les deux partis.<\/em><\/p>\n<p><strong><em>L\u2019H\u00f4tel de Calais c\u2019est aussi 45 chambres d\u2019h\u00f4tel dont la plupart ont une vue imprenable sur le port.<\/em><\/strong><\/p>\n<p>&nbsp;<\/p>\n<\/div>\n<\/div><\/div>\n<\/div>\n<\/div>\n<\/div>\n<\/div>\n<\/div>\n\n","protected":false},"excerpt":{"rendered":"","protected":false},"author":1,"featured_media":0,"parent":0,"menu_order":0,"comment_status":"closed","ping_status":"closed","template":"","meta":{"footnotes":""},"class_list":["post-16697","page","type-page","status-publish","hentry"],"_links":{"self":[{"href":"https:\/\/www.hoteldecalais.fr\/v5\/wp-json\/wp\/v2\/pages\/16697","targetHints":{"allow":["GET"]}}],"collection":[{"href":"https:\/\/www.hoteldecalais.fr\/v5\/wp-json\/wp\/v2\/pages"}],"about":[{"href":"https:\/\/www.hoteldecalais.fr\/v5\/wp-json\/wp\/v2\/types\/page"}],"author":[{"embeddable":true,"href":"https:\/\/www.hoteldecalais.fr\/v5\/wp-json\/wp\/v2\/users\/1"}],"replies":[{"embeddable":true,"href":"https:\/\/www.hoteldecalais.fr\/v5\/wp-json\/wp\/v2\/comments?post=16697"}],"version-history":[{"count":9,"href":"https:\/\/www.hoteldecalais.fr\/v5\/wp-json\/wp\/v2\/pages\/16697\/revisions"}],"predecessor-version":[{"id":17607,"href":"https:\/\/www.hoteldecalais.fr\/v5\/wp-json\/wp\/v2\/pages\/16697\/revisions\/17607"}],"wp:attachment":[{"href":"https:\/\/www.hoteldecalais.fr\/v5\/wp-json\/wp\/v2\/media?parent=16697"}],"curies":[{"name":"wp","href":"https:\/\/api.w.org\/{rel}","templated":true}]}}